72 + -3?
-43675
In base 15, what is 19 - 3737?
-371d
In base 8, what is 1230327 - 3?
1230324
In base 16, what is 39c7 - b?
39bc
In base 9, what is 3 + -2802?
-2788
In base 9, what is -6173734 - 2?
-6173736
In base 2, what is 11100111111100 - 1111001?
11100110000011
In base 10, what is 4794 - 3?
4791
In base 13, what is -2 + -5aa0c?
-5aa11
In base 9, what is 5433 - -115?
5548
In base 12, what is 229 + -2506?
-2299
In base 16, what is -4 + 33a8d?
33a89
In base 5, what is -43 + 3013314?
3013221
In base 8, what is -122 + 17156?
17034
In base 7, what is -1216021 + 41?
-1215650
In base 8, what is 1 + 413042?
413043
In base 6, what is 115 - -23012?
23131
In base 2, what is -1011000000010100 - 101?
-1011000000011001
In base 4, what is 10023013 - -1032?
10030111
In base 5, what is 1102421 - 30?
1102341
In base 4, what is 1 + 231211031?
231211032
In base 13, what is -77 + -80a?
-884
In base 4, what is 2223331101 - -10?
2223331111
In base 14, what is 2 - 118296?
-118294
In base 16, what is -4a7 + -1f?
-4c6
In base 3, what is 12111112 + 111?
12112000
In base 10, what is -18187 + 4?
-18183
In base 15, what is -4 - -a540?
a53b
In base 8, what is -265 - 1352?
-1637
In base 8, what is 25117006 - -4?
25117012
In base 8, what is -34 + 13734?
13700
In base 3, what is -11222002021 + 1?
-11222002020
In base 6, what is 210501 - 0?
210501
In base 13, what is -b773 - -4?
-b76c
In base 5, what is -224 - -1134033?
1133304
In base 11, what is -18 + -1830?
-1848
In base 12, what is -83b0 - -4?
-83a8
In base 8, what is -4601422 - 2?
-4601424
In base 12, what is -137898 + 8?
-137890
In base 8, what is -36 - 415?
-453
In base 2, what is -1011100001011 + 11010?
-1011011110001
In base 16, what is -1914 + 13?
-1901
In base 12, what is 33 - 1536?
-1503
In base 10, what is 102421 - 3?
102418
In base 8, what is 4 - 211700?
-211674
In base 7, what is -161615 + 11?
-161604
In base 6, what is 2413 + 25?
2442
In base 3, what is -202012 - -20210110?
20001021
In base 3, what is -2202102121 - 1102?
-2202111000
In base 9, what is 20120 - -233?
20353
In base 3, what is -10 + -10021020001?
-10021020011
In base 14, what is -7861c - 6?
-78624
In base 11, what is 11 - 727?
-716
In base 6, what is 10233 + 3252?
13525
In base 11, what is 67544 - 8?
67537
In base 6, what is 3 - -510?
513
In base 6, what is -1 - -2031353?
2031352
In base 10, what is 3 - 295426?
-295423
In base 3, what is 1222000121 + 12?
1222000210
In base 2, what is 1010 + 11111101011100?
11111101100110
In base 9, what is 2851251 - -5?
2851256
In base 9, what is 0 - -445016?
445016
In base 6, what is 13 + -2042135?
-2042122
In base 16, what is -4d957 + 2?
-4d955
In base 12, what is -189 - b7a?
-1147
In base 15, what is c79 - -16b?
de5
In base 2, what is 1011010100001 - -11001101?
1011101101110
In base 14, what is 18b15 + -4?
18b11
In base 9, what is 577 - -26?
614
In base 7, what is 5 + 26513?
26521
In base 15, what is -48 + -3a7?
-400
In base 14, what is 15 - 30c8?
-30b3
In base 12, what is -554 - b8?
-650
In base 15, what is -1cbd78 + 0?
-1cbd78
In base 5, what is -403003332 + -2?
-403003334
In base 2, what is 1000101011000010 - 111?
1000101010111011
In base 16, what is -178e - -5?
-1789
In base 4, what is -11 + -133203033?
-133203110
In base 10, what is 3 - 295933?
-295930
In base 11, what is -1 - -3a30?
3a2a
In base 11, what is 13793 - -2?
13795
In base 6, what is 4151125 + 2?
4151131
In base 16, what is -a7 + -6d4?
-77b
In base 11, what is -1254 - 2?
-1256
In base 16, what is e4 + 83?
167
In base 6, what is -32303133 - -1?
-32303132
In base 10, what is 574 + -34?
540
In base 12, what is -7a35 + 1?
-7a34
In base 7, what is 4 + -266364?
-266360
In base 6, what is -3 - 1333305?
-1333312
In base 9, what is -2 + 4665?
4663
In base 14, what is 53 - 46a?
-417
In base 6, what is 5 - -433103?
433112
In base 12, what is 9 - -74017?
74024
In base 12, what is 79b2 - 7?
79a7
In base 11, what is -22 + -13103?
-13125
In base 8, what is -6 + -466167?
-466175
In base 2, what is 1010100101100100 - 110?
1010100101011110
In base 11, what is -5 - -71409?
71404
In base 16, what is -6f + -1b6?
-225
In base 7, what is 163612 + 20?
163632
In base 13, what is 571 - 4c?
522
In base 14, what is 54600 + -5?
545d9
In base 9, what is 116402 - 6?
116385
In base 6, what is -254 - -2113?
1415
In base 16, what is 1136d + 3?
11370
In base 15, what is -63614 - 0?
-63614
In base 2, what is 10100110 + -11000?
10001110
In base 4, what is -12 - -1013333201?
1013333123
In base 7, what is -2 + 156462?
156460
In base 2, what is -11 - 1010111010100001110?
-1010111010100010001
In base 9, what is -3 - 3170751?
-3170754
In base 7, what is -62 + -4401?
-4463
In base 5, what is 2200 + 32?
2232
In base 13, what is -2aa46 + -2?
-2aa48
In base 12, what is 24 + 569?
591
In base 13, what is 22 - -240b?
2430
In base 9, what is 18234 + 274?
18518
In base 3, what is 10101022 - 121?
10100201
In base 7, what is -125 + -54?
-212
In base 15, what is -1138 + -175?
-12ad
In base 2, what is 1000101110 - 10111010010?
-1110100100
In base 16, what is -33d - -c6?
-277
In base 9, what is 3140 - 46?
3083
In base 6, what is 120 - 10325?
-10205
In base 5, what is -21 - -342234?
342213
In base 10, what is 2122 + -8?
2114
In base 14, what is 4 - 30b4?
-30b0
In base 16, what is -6587 - 3?
-658a
In base 5, what is 13030 + 4112?
22142
In base 13, what is 3641 - -10?
3651
In base 4, what is 10 - -1332231023?
1332231033
In base 12, what is 60847 - 5?
60842
In base 12, what is 39 + -843?
-806
In base 9, what is -17523 + -6?
-17530
In base 6, what is -21 + -33050?
-33111
In base 12, what is 52a + -66b?
-141
In base 3, what is -10110020 + 2002211?
-1100102
In base 11, what is -4 + 92aa80?
92aa77
In base 12, what is -b84 + 1298?
314
In base 8, what is -1545 - -260?
-1265
In base 3, what is 1001120212 + 111?
1001121100
In base 3, what is -12210112011 + -12?
-12210112100
In base 5, what is 1210 + 100?
1310
In base 2, what is -11011000110 + 11101000001?
1111011
In base 14, what is cd884 + -3?
cd881
In base 14, what is 3439 - 68?
33b1
In base 3, what is -1000221 - -1121110?
120112
In base 6, what is 4152 - -30?
4222
In base 2, what is -1001111100101 + -10100?
-1001111111001
In base 12, what is 3 + 23940?
23943
In base 9, what is 1754 + 178?
2043
In base 2, what is 101101 - 10000110111111?
-10000110010010
In base 6, what is 255 + 20010?
20305
In base 8, what is 104056 - -2?
104060
In base 7, what is 2 + 624403?
624405
In base 14, what is -1a8a - 2a?
-1ab6
In base 11, what is 3a984 + -5?
3a97a
In base 8, what is -5472353 - -4?
-5472347
In base 6, what is 104155141 + -1?
104155140
In base 11, what is 5820 + 118?
5938
In base 8, what is 1617 + 4?
1623
In base 7, what is -1432636 + 4?
-1432632
In base 9, what is -2625 + -33?
-2658
In base 6, what is 52 - -14000?
14052
In base 5, what is -13312344 - 22?
-13312421
In base 13, what is -2 - 5370?
-5372
In base 4, what is 3 + -202130?
-202121
In base 2, what is 11 + 1101010001110110?
1101010001111001
In base 16, what is -2606 - 5?
-260b
In base 5, what is -40122 - 143?
-40320
In base 9, what is -4418 - -22?
-4386
In base 6, what is -55 - 101?
-200
In base 16, what is 1 + 10b3?
10b4
In base 11, what is 5901200 + 3?
5901203
In base 15, what is 208eee - -5?
209004
In base 3, what is -10 - 220101212?
-220101222
In base 7, what is 350656 - -1?
350660
In base 10, what is 3 + 1365?
1368
In base 2, what is 111 - 100101010111011?
-100101010110100
In base 3, what is 1020101122 - 12?
1020101110
In base 13, what is -143 - -19c9?
1886
In base 8, what is 7221645 - -2?
7221647
In base 8, what is -3 - 746330?
-746333
In base 6, what is 0 - -1410222?
1410222
In base 5, what is -232 - 2000?
-2232
In base 11, what is -9a21a + 4?
-9a216
In base 5, what is 10 + 10143032?
10143042
In base 4, what is -11 - 2003321001?
-2003321012
In base 2, what is 111101100110111 + -100?
111101100110011
In base 15, what is 17a - 2d?
14c
In base 12, what is -3 - 3a626?
-3a629
In base 14, what is 3 - 2b3c?
-2b39
In base 10, what is 17660 - -3?
17663
In base 12, what is 1aa81b + 2?
1aa821
In base 9, what is 2 - -312310?
312312
In base 11, what is 67035 + -3?
67032
In base 14, what is -1d7 + 25?
-1b2
In base 15, what is -6e73 - 5e?
-6ed2
In base 13, what is 1bac + -1c3?
19b9
In base 7, what is -2256324 + 1?